True
Is 50 a factor of 1250?
True
Is 4 a factor of 171?
False
Is 278 a multiple of 38?
False
Is 994 a multiple of 14?
True
Is 729 a multiple of 10?
False
Is 78 a factor of 660?
False
Is 32 a factor of 5248?
True
Does 8 divide 8?
True
Does 4 divide 24?
True
Is 7 a factor of 838?
False
Does 2 divide 1413?
False
Is 7 a factor of 240?
False
Is 1820 a multiple of 26?
True
Is 2119 a multiple of 28?
False
Is 9 a factor of 577?
False
Does 50 divide 19483?
False
Does 52 divide 260?
True
Is 3262 a multiple of 12?
False
Is 697 a multiple of 4?
False
Does 6 divide 714?
True
Is 16 a factor of 11787?
False
Is 13617 a multiple of 89?
True
Does 68 divide 5100?
True
Is 1174 a multiple of 26?
False
Is 280 a multiple of 28?
True
Is 1458 a multiple of 2?
True
Does 83 divide 11469?
False
Is 8 a factor of 7436?
False
Is 30 a factor of 1110?
True
Does 22 divide 3014?
True
Does 65 divide 6435?
True
Is 114 a factor of 11315?
False
Is 108 a multiple of 27?
True
Is 668 a multiple of 46?
False
Is 7 a factor of 1906?
False
Is 64 a factor of 4864?
True
Does 6 divide 318?
True
Does 49 divide 1509?
False
Is 3 a factor of 158?
False
Is 25764 a multiple of 228?
True
Is 88 even?
True
Is 228 a multiple of 11?
False
Is 1374 a multiple of 28?
False
Is 56 a factor of 1242?
False
Does 22 divide 13244?
True
Is 93 a multiple of 19?
False
Is 5 a factor of 3947?
False
Is 55 a factor of 19298?
False
Is 17 a factor of 731?
True
Is 2840 a multiple of 16?
False
Does 20 divide 5120?
True
Does 30 divide 39321?
False
Is 278 a multiple of 43?
False
Is 115 a factor of 7705?
True
Is 2568 a multiple of 24?
True
Is 30052 a multiple of 23?
False
Is 4352 a multiple of 64?
True
Is 2 a factor of 1397?
False
Is 41 a factor of 5371?
True
Is 3109 a multiple of 11?
False
Does 52 divide 42826?
False
Does 11 divide 209?
True
Is 122 a multiple of 3?
False
Does 29 divide 479?
False
Is 11 a factor of 2547?
False
Is 215 a factor of 6136?
False
Is 231 a factor of 39963?
True
Is 18 a factor of 2126?
False
Is 424 a multiple of 8?
True
Does 5 divide 3690?
True
Does 11 divide 442?
False
Is 3200 a multiple of 50?
True
Is 1332 a multiple of 3?
True
Is 6780 a multiple of 12?
True
Is 88 a factor of 10736?
True
Is 18 a factor of 450?
True
Does 5 divide 16905?
True
Does 21 divide 19446?
True
Is 6935 a multiple of 19?
True
Is 257 a factor of 74530?
True
Is 91 a factor of 1552?
False
Does 24 divide 432?
True
Is 2030 a multiple of 7?
True
Is 24 a factor of 1728?
True
Does 19 divide 233?
False
Does 33 divide 891?
True
Is 24 a factor of 1193?
False
Does 11 divide 2134?
True
Is 1218 a multiple of 29?
True
Is 54392 a multiple of 26?
True
Is 4 a factor of 12?
True
Is 20 a factor of 10260?
True
Is 625 a multiple of 21?
False
Is 32 a factor of 992?
True
Is 7 a factor of 109?
False
Is 666 a multiple of 18?
True
Is 5040 a multiple of 80?
True
Does 20 divide 27540?
True
Is 11102 a multiple of 61?
True
Is 10 a factor of 105?
False
Is 6510 a multiple of 31?
True
Is 2 a factor of 111?
False
Is 11 a factor of 808?
False
Does 95 divide 6745?
True
Does 15 divide 572?
False
Is 39599 a multiple of 29?
False
Is 156 a factor of 5616?
True
Is 57 a factor of 49213?
False
Is 1114 a multiple of 20?
False
Is 552 a multiple of 13?
False
Is 6 a factor of 14?
False
Does 29 divide 319?
True
Is 124 a factor of 30256?
True
Does 2 divide 132?
True
Is 12906 a multiple of 62?
False
Does 64 divide 1472?
True
Is 9 a factor of 334?
False
Is 46 a factor of 27738?
True
Is 71 a factor of 8093?
False
Is 33 a factor of 2231?
False
Is 22 a factor of 27324?
True
Is 125 a factor of 625?
True
Is 1965 a multiple of 15?
True
Is 71 a factor of 746?
False
Is 848 a multiple of 106?
True
Does 8 divide 3952?
True
Is 38034 a multiple of 6?
True
Is 1344 a multiple of 12?
True
Does 42 divide 11130?
True
Is 59408 a multiple of 188?
True
Is 806 a multiple of 31?
True
Is 270 a multiple of 18?
True
Is 82275 a multiple of 75?
True
Is 40 a factor of 80?
True
Is 84 a factor of 1706?
False
Is 16 a factor of 176?
True
Does 8 divide 1908?
False
Is 44774 a multiple of 40?
False
Is 15 a factor of 1380?
True
Is 7 a factor of 3319?
False
Is 2 a factor of 418?
True
Does 8 divide 3369?
False
Does 97 divide 15366?
False
Is 30 a factor of 3990?
True
Is 10 a factor of 12044?
False
Does 178 divide 48950?
True
Is 428 a multiple of 57?
False
Does 31 divide 620?
True
Does 15 divide 5197?
False
Is 3 a factor of 313?
False
Does 165 divide 2310?
True
Is 1391 a multiple of 107?
True
Does 29 divide 1972?
True
Is 2 a factor of 26?
True
Is 5020 a multiple of 5?
True
Is 929 a multiple of 15?
False
Is 17756 a multiple of 24?
False
Is 1462 a multiple of 27?
False
Is 38 a factor of 4256?
True
Does 16 divide 1307?
False
Is 36 a multiple of 18?
True
Is 277 a factor of 63455?
False
Does 29 divide 595?
False
Does 14 divide 17906?
True
Does 27 divide 836?
False
Does 134 divide 59094?
True
Is 1091 a multiple of 38?
False
Is 6112 a multiple of 8?
True
Does 52 divide 6493?
False
Is 55 a factor of 1815?
True
Does 43 divide 1591?
True
Is 3840 a multiple of 64?
True
Is 5114 a multiple of 93?
False
Is 752 a multiple of 2?
True
Is 5 a factor of 390?
True
Is 58 a factor of 72?
False
Is 77252 a multiple of 31?
True
Is 125 a multiple of 20?
False
Does 5 divide 3118?
False
Is 34 a factor of 7140?
True
Is 2 a factor of 13?
False
Is 30030 a multiple of 15?
True
Does 6 divide 626?
False
Is 14112 a multiple of 252?
True
Is 9 a factor of 2242?
False
Is 19604 a multiple of 5?
False
Is 6 a factor of 1380?
True
Is 17 a factor of 580?
False
Is 3 a factor of 49?
False
Is 217 a factor of 66036?
False
Does 36 divide 4119?
False
Does 6 divide 884?
False
Is 30 a factor of 274?
False
Is 127 a factor of 9398?
True
Is 17520 a multiple of 11?
False
Does 9 divide 19712?
False
Is 2097 a multiple of 9?
True
Is 40 a factor of 80?
True
Is 114 a factor of 1003?
False
Does 28 divide 98?
False
Does 40 divide 375?
False
Is 3730 a multiple of 2?
True
Does 53 divide 530?
True
Is 26667 a multiple of 11?
False
Does 32 divide 42016?
True
Does 10 divide 3676?
False
Does 47 divide 641?
False
Is 1590 a multiple of 15?
True
Is 2088 a multiple of 34?
False
Is 6707 a multiple of 19?
True
Is 108 a multiple of 6?
True
Is 31301 a multiple of 106?
False
Does 3 divide 392?
False
Is 17 a factor of 118728?
True
Does 11 divide 452?
False
Is 51 a factor of 816?
True
Does 9 divide 675?
True
Is 90 a factor of 26006?
False
Is 34485 a multiple of 30?
False
Is 9772 a multiple of 14?
True
Is 14 a multiple of 2?
True
Is 4 a factor of 51?
False
Is 66 a factor of 3828?
True
Is 7 a factor of 20902?
True
Is 30604 a multiple of 12?
False
Is 415 a multiple of 83?
True
Is 3317 a multiple of 7?
False
Does 18 divide 440?
False
Is 24 a factor of 4848?
True
Is 40126 a multiple of 11?
False
Is 21392 a multiple of 14?
True
Is 51 a factor of 44248?
False
Is 6370 a multiple of 19?
False
Is 98 a factor of 923?
False
Is 21 a factor of 42?
True
Is 4 a factor of 508?
True
Is 5588 a multiple of 21?
False
Is 30495 a multiple of 11?
False
Is 345 a factor of 113850?
True
Is 30165 a multiple of 5?
True
Is 56 a factor of 5723?
False
Is 1647 a multiple of 66?
False
Is 47808 a multiple of 102?
False
Does 25 divide 54625?
True
Is 1192 a multiple of 18?
False
Is 957 a multiple of 4?
False
Does 11 divide 895?
False
Is 9178 a multiple of 11?
False
Is 12 a factor of 1488?
True
Is 104 a factor of 30495?
False
Does 8 divide 16389?
False
Is 47 a factor of 3244?
False
Is 9 a factor of 234?
True
Is 10410 a multiple of 2?
True
Is 2765 a multiple of 80?
False
Does 17 divide 1625?
False
Is 295 a factor of 18585?
True
Is 54 a factor of 162?
True
Is 27758 a multiple of 33?
False
Does 13 divide 31?
False
Does 19 divide 11001?
True
Does 2 divide 246?
True
Is 12 a factor of 4704?
True
Does 10 divide 15710?
True
Is 207 a multiple of 2?
False
Does 14 divide 2212?
True
Is 12202 a multiple of 131?
False
Is 37 a factor of 7044?
False
Is 6829 a multiple of 27?
False
Is 31 a factor of 7166?
False
Is 718 a multiple of 52?
False
Is 8208 a multiple of 108?
True
Is 67 a factor of 100198?
False
Is 416 a multiple of 13?
True
Is 18 a factor of 321?
False
Does 38 divide 387?
False
Is 20 a factor of 660?
True
Is 1325 even?
False
Is 36 a multiple of 9?
True
Is 819 a multiple of 13?
True
Is 9 a factor of 120?
False
Is 13 a factor of 247624?